e 7) in base 9?
-10674237
Convert -a32167 (base 13) to base 12.
-1334b65
Convert 5854c (base 13) to base 15.
32bca
Convert -17376114 (base 9) to base 5.
-4213334343
-1459 (base 12) to base 3
-10020220
Convert 100000111001101010110 (base 2) to base 7.
12110104
-88c0c (base 13) to base 7
-2052223
Convert -60979 (base 11) to base 12.
-43625
What is -73416 (base 12) in base 10?
-150930
What is -62597 (base 10) in base 14?
-18b53
3433381 (base 9) to base 15
268e3a
What is -834978 (base 12) in base 15?
-2aaaae
What is -32258a4 (base 12) in base 6?
-535433524
-33023131 (base 4) to base 14
-1892d
Convert 12333402433 (base 5) to base 7.
242445504
-3042121211 (base 5) to base 9
-12611303
2125713 (base 8) to base 4
2022233023
What is 11503430 (base 7) in base 16?
fa9a9
Convert -31a08 (base 15) to base 5.
-20020013
Convert -6055124 (base 7) to base 8.
-2575501
What is -10101001011010011011 (base 2) in base 4?
-2221122123
What is 38121 (base 12) in base 9?
125467
12c0150 (base 13) to base 11
3379054
104780 (base 9) to base 8
172214
What is 35040 (base 6) in base 4?
1032000
3194b6 (base 13) to base 12
48107a
34053 (base 11) to base 13
19599
432405 (base 6) to base 8
105365
-1110122010010 (base 3) to base 2
-10111110011101010010
100112110202 (base 3) to base 6
4004545
What is -1537176 (base 9) in base 11?
-531922
What is 32032234 (base 5) in base 10?
267819
41422311 (base 5) to base 14
8c9d4
Convert -c3e6 (base 15) to base 10.
-41391
Convert -551043 (base 7) to base 5.
-11041124
What is 100322231 (base 4) in base 13?
25703
100010100001110011 (base 2) to base 3
21012000001
What is 222324102 (base 5) in base 3?
1211210011200
What is -30455 (base 9) in base 8?
-47131
22aa910 (base 11) to base 15
547d7e
Convert -16542166 (base 7) to base 16.
-18c733
What is 220122121 (base 3) in base 9?
26577
Convert 28382 (base 10) to base 2.
110111011011110
What is 6453326 (base 7) in base 14?
1667bd
What is -1226343 (base 7) in base 8?
-465135
What is -c9281b (base 13) in base 3?
-22212201100011
Convert a5764 (base 13) to base 8.
1105604
-5443351 (base 6) to base 3
-111201212011
Convert 101111001001 (base 3) to base 7.
1516363
a44cc9 (base 13) to base 8
16510313
Convert 1e667 (base 15) to base 7.
562366
Convert -30107a (base 11) to base 16.
-764db
-1000232313 (base 4) to base 5
-31441033
14637 (base 9) to base 5
304442
-312078 (base 10) to base 14
-81a34
314727 (base 10) to base 13
b033a
Convert -521422 (base 11) to base 7.
-10052262
Convert -12022302210 (base 4) to base 2.
-110001010110010100100
Convert -33231001 (base 5) to base 13.
-a1a04
What is 387ab1 (base 16) in base 9?
6861354
658360 (base 9) to base 12
16b690
What is -1000001110101110011111100 (base 2) in base 6?
-1413534204
b662a (base 13) to base 12
13a06b
Convert 1202201112001 (base 3) to base 13.
26b723
Convert 1d762 (base 14) to base 15.
175b6
What is -10022203 (base 6) in base 10?
-283035
Convert 101021100122101 (base 3) to base 4.
110310310111
Convert 4322013200 (base 5) to base 16.
8bf7bd
Convert 6c0895 (base 14) to base 6.
211025351
What is -3062540 (base 9) in base 6?
-55020100
Convert 52854 (base 14) to base 8.
605052
What is -65113132 (base 7) in base 10?
-5549812
What is -6b543 (base 15) in base 2?
-1010011100000101111
-1396469 (base 10) to base 2
-101010100111011110101
Convert 1324352 (base 8) to base 7.
3103256
What is 12160420 (base 8) in base 5?
1141212211
What is 313822 (base 14) in base 7?
20060442
2212102221012 (base 3) to base 15
201995
What is -2222120212 (base 3) in base 11?
-40158
Convert 1002201111020222 (base 3) to base 12.
5358a5b
What is 642041 (base 10) in base 11?
3a9414
Convert b007ae (base 15) to base 2.
11111110111110000110000
-369be (base 15) to base 8
-524371
What is 1111010100000111001 (base 2) in base 5?
112024232
What is -a3108 (base 11) in base 4?
-210300010
-9d68 (base 15) to base 3
-1200210222
What is -10202211220100 (base 3) in base 9?
-3684810
What is -97711 (base 10) in base 16?
-17daf
-491660 (base 11) to base 3
-1110112100101
Convert 506508 (base 14) to base 11.
1589540
2205537 (base 9) to base 4
10201110220
Convert 1114124001 (base 5) to base 13.
69203b
Convert -2c463 (base 15) to base 5.
-14031433
-2420103011 (base 5) to base 9
-11527765
What is 2315965 (base 11) in base 16?
3dc75b
42285 (base 11) to base 6
1153001
What is 132510541 (base 6) in base 13?
71b7bc
131113 (base 4) to base 16
757
What is 23535552 (base 6) in base 5?
142301100
What is 10100111001000001011 (base 2) in base 16?
a720b
Convert -3368a3 (base 13) to base 15.
-18eb89
What is -16a29 (base 13) in base 10?
-43468
1001001111111110001 (base 2) to base 10
303089
Convert 48352 (base 11) to base 15.
15972
What is -12046505 (base 8) in base 10?
-2641221
What is -22254284 (base 9) in base 11?
-60a5376
3174710 (base 9) to base 14
32479d
9122a8 (base 12) to base 7
25146602
Convert 334411444 (base 5) to base 12.
5b5864
Convert 32f809 (base 16) to base 13.
8cc50c
Convert 36955 (base 11) to base 10.
53058
Convert -1000000100011001110 (base 2) to base 16.
-408ce
What is 11245133 (base 6) in base 10?
348465
Convert -323547 (base 14) to base 6.
-100232231
62681 (base 11) to base 3
11122021100
What is -673855 (base 12) in base 16?
-191801
101001101001001 (base 2) to base 12
10409
Convert -873996 (base 10) to base 12.
-361950
-10673157 (base 8) to base 4
-20313121233
65065 (base 12) to base 9
222555
What is 1267454 (base 8) in base 4?
1112330230
What is 1014a6 (base 14) in base 10?
541498
What is -56514474 (base 8) in base 10?
-12228924
Convert 12020022301 (base 5) to base 14.
1b9dd9b
What is 2031032030 (base 4) in base 5?
122002234
Convert 1794d6 (base 14) to base 12.
341870
Convert 1001111000011000 (base 2) to base 6.
511212
What is -49942 (base 12) in base 14?
-28558
What is 529918 (base 10) in base 13?
15727c
What is -108032 (base 10) in base 16?
-1a600
What is -113514344 (base 6) in base 12?
-8729b4
75271 (base 8) to base 4
13222321
-405142351 (base 6) to base 4
-122210200123
What is -10e66ad (base 15) in base 14?
-1877478
What is -1b4184 (base 13) in base 15?
-dabbe
Convert 281857 (base 11) to base 15.
8ac96
Convert 2141413440 (base 5) to base 11.
2689078
11132233123 (base 4) to base 7
15132304
Convert 132340134 (base 6) to base 3.
11222012012011
Convert -1305754 (base 11) to base 8.
-10502403
-766b (base 12) to base 13
-5c24
Convert 26804 (base 10) to base 2.
110100010110100
What is 204ff (base 16) in base 9?
221486
-424182 (base 10) to base 7
-3414453
8845086 (base 9) to base 8
22104737
Convert -2398984 (base 10) to base 4.
-21021230020
Convert -377724 (base 9) to base 11.
-14696a
615763 (base 8) to base 2
110001101111110011
Convert -1816a4 (base 13) to base 5.
-123300001
-10100110111010 (base 2) to base 3
-112122122
Convert -58781 (base 16) to base 10.
-362369
Convert -5eb0 (base 16) to base 13.
-b058
-bae6d (base 16) to base 3
-1102220010200
Convert -2012292 (base 11) to base 7.
-42160151
What is 111c57 (base 13) in base 5?
100413101
6d45b (base 14) to base 12
10a649
Convert 20211210010 (base 3) to base 14.
3713c
Convert 730336 (base 9) to base 8.
1516226
What is 1264b56 (base 12) in base 5?
1411213001
301014231 (base 6) to base 10
5087755
Convert -78bb (base 14) to base 7.
-115024
What is 24453351 (base 6) in base 7?
6446146
What is 116f2 (base 16) in base 14?
1c04a
-30301121312 (base 4) to base 5
-1324114321
315243530 (base 6) to base 13
1201c20
-148113 (base 10) to base 4
-210022101
What is -2020022111 (base 3) in base 15?
-d064
-156a728 (base 11) to base 14
-4da385
What is -22202211021 (base 4) in base 11?
-1617a42
-132311232 (base 4) to base 8
-366556
What is 211032120220 (base 4) in base 11?
5565575
3273631 (base 9) to base 4
12231330121
-bcd550 (base 15) to base 8
-42265204
What is -3c614 (base 13) in base 2?
-11011100110110110
What is -a38219 (base 14) in base 3?
-101101020022221
Convert -336377 (base 9) to base 2.
-110001001100101101
Convert -6135b (base 14) to base 16.
-391b5
-22110100001 (base 3) to base 6
-3322344
1442098 (base 12) to base 11
2329246
2200002010 (base 3) to base 11
36529
-3332130 (base 5) to base 4
-32100233
Convert 46ccb1 (base 14) to base 4.
21032021023
Convert 330785 (base 11) to base 6.
15152304
Convert -1554114 (base 9) to base 2.
-11010010100100100101
2c755e (base 15) to 